{"id":8329,"date":"2017-06-28T11:33:29","date_gmt":"2017-06-28T09:33:29","guid":{"rendered":"http:\/\/maisongersdorff.com\/?page_id=8329"},"modified":"2018-09-13T16:18:05","modified_gmt":"2018-09-13T14:18:05","slug":"project-management","status":"publish","type":"page","link":"https:\/\/maisongersdorff.com\/fr\/project-management\/","title":{"rendered":"Expositions universelles"},"content":{"rendered":"<p>[vc_row content_width=\u00a0\u00bbgrid\u00a0\u00bb css=\u00a0\u00bb.vc_custom_1497603545327{padding-top: 95px !important;padding-bottom: 65px !important;background-image: url(http:\/\/maisongersdorff.com\/wp-content\/uploads\/2016\/10\/back04-2.jpg?id=8146) !important;}\u00a0\u00bb][vc_column offset=\u00a0\u00bbvc_col-md-6&Prime;][vc_empty_space height=\u00a0\u00bb30px\u00a0\u00bb][vc_gallery type=\u00a0\u00bbimage_grid\u00a0\u00bb images=\u00a0\u00bb8649,8646,8647,8648&Prime; img_size=\u00a0\u00bb220&#215;220&Prime;][\/vc_column][vc_column offset=\u00a0\u00bbvc_col-md-6&Prime;]<div class=\"eltd-section-title-outer-holder\" style=\"text-align: center\">\n\n\t\n\t\t\t<div class=\"eltd-section-title-title-holder\">\n\t\t\t\t<h2 class=\"eltd-section-title\" style=\"font-family: open sans;font-size: 30px;color: #333333;font-weight: 200;line-height: 72px;;;\">\n\t\t\t\tEXPOSITIONS UNIVERSELLES\t\t\t\t<\/h2>\n\t\t<\/div>\n\t\n<\/div>[vc_empty_space height=\u00a0\u00bb3px\u00a0\u00bb][vc_column_text css=\u00a0\u00bb.vc_custom_1536848261621{background-image: url(http:\/\/maisongersdorff.com\/wp-content\/uploads\/2016\/10\/back04-2.jpg?id=8146) !important;}\u00a0\u00bb]En 2010, Benoit Gersdorff prend en charge la gestion de la restauration du pavillon belge et europ\u00e9en \u00e0 l&rsquo;Exposition universelle de Shanghai. Gr\u00e2ce \u00e0 son expertise dans la conduite d&rsquo;une \u00e9quipe de pr\u00e8s de soixante personnes sur trois restaurants et deux take-away, plus de quarante mille visiteurs par jour ont pu d\u00e9couvrir les merveilles de la cuisine belge pendant six mois. Le pavillon belge sera d&rsquo;ailleurs class\u00e9 en 6e position parmi les 246 pavillons de l&rsquo;Exposition universelle en nombre de visiteurs, et le pavillon le plus rentable de toute l&rsquo;exposition.<\/p>\n<p>En 2012, Benoit prend \u00e0 nouveau en charge la gestion de la restauration du pavillon belge et du pavillon de Monaco \u00e0 l&rsquo;Expo internationale de Yeosu, en Cor\u00e9e du Sud, pour une dur\u00e9e de trois mois.<\/p>\n<p>En 2015, il est l&rsquo;initiateur de la construction du pavillon belge \u00e0 Milan, en Italie, sur la th\u00e9matique \u00ab\u00a0nourrir la plan\u00e8te, \u00e9nergie pour la vie\u00a0\u00bb.\u00a0En partenariat avec l\u2019architecte Patrick Genard, le scientifique Thierry Coche, ainsi que l\u2019ensemble des universit\u00e9s belges, il travaille sur la r\u00e9alisation architectural et sc\u00e9nographique du pavillon belge, en proposant l&rsquo;ensemble des techniques alimentaires et \u00e9nerg\u00e9tiques suivantes: syst\u00e8mes aquaponiques, utilisation des produits locaux, panneaux solaires photovolta\u00efques, \u00e9oliennes, pompes \u00e0 chaleur et traitement des eaux us\u00e9es. Le pavillon belge re\u00e7oit une\u00a0Mention sp\u00e9ciale dans la cat\u00e9gorie \u00ab\u00a0Design et mat\u00e9riaux du b\u00e2timent\u00a0\u00bb ainsi qu&rsquo;un Award pour\u00a0\u00ab\u00a0Autres Initiatives\u00a0Sp\u00e9ciales\u00bb.[\/vc_column_text][\/vc_column][\/vc_row][vc_row][vc_column][\/vc_column][\/vc_row]<\/p>\n","protected":false},"excerpt":{"rendered":"<p>[vc_row content_width=\u00a0\u00bbgrid\u00a0\u00bb css=\u00a0\u00bb.vc_custom_1497603545327{padding-top: 95px !important;padding-bottom: 65px !important;background-image: url(http:\/\/maisongersdorff.com\/wp-content\/uploads\/2016\/10\/back04-2.jpg?id=8146) !important;}\u00a0\u00bb][vc_column offset=\u00a0\u00bbvc_col-md-6&Prime;][vc_empty_space height=\u00a0\u00bb30px\u00a0\u00bb][vc_gallery type=\u00a0\u00bbimage_grid\u00a0\u00bb images=\u00a0\u00bb8649,8646,8647,8648&Prime; img_size=\u00a0\u00bb220&#215;220&Prime;][\/vc_column][vc_column offset=\u00a0\u00bbvc_col-md-6&Prime;][vc_empty_space height=\u00a0\u00bb3px\u00a0\u00bb][vc_column_text css=\u00a0\u00bb.vc_custom_1536848261621{background-image: url(http:\/\/maisongersdorff.com\/wp-content\/uploads\/2016\/10\/back04-2.jpg?id=8146) !important;}\u00a0\u00bb]En 2010, Benoit Gersdorff prend en charge la gestion de la restauration du pavillon belge et europ\u00e9en \u00e0 l&rsquo;Exposition universelle de Shanghai. Gr\u00e2ce \u00e0 son expertise dans&#8230;<\/p>\n","protected":false},"author":1,"featured_media":0,"parent":0,"menu_order":0,"comment_status":"closed","ping_status":"closed","template":"full-width.php","meta":{"footnotes":""},"class_list":["post-8329","page","type-page","status-publish","hentry"],"_links":{"self":[{"href":"https:\/\/maisongersdorff.com\/fr\/wp-json\/wp\/v2\/pages\/8329","targetHints":{"allow":["GET"]}}],"collection":[{"href":"https:\/\/maisongersdorff.com\/fr\/wp-json\/wp\/v2\/pages"}],"about":[{"href":"https:\/\/maisongersdorff.com\/fr\/wp-json\/wp\/v2\/types\/page"}],"author":[{"embeddable":true,"href":"https:\/\/maisongersdorff.com\/fr\/wp-json\/wp\/v2\/users\/1"}],"replies":[{"embeddable":true,"href":"https:\/\/maisongersdorff.com\/fr\/wp-json\/wp\/v2\/comments?post=8329"}],"version-history":[{"count":13,"href":"https:\/\/maisongersdorff.com\/fr\/wp-json\/wp\/v2\/pages\/8329\/revisions"}],"predecessor-version":[{"id":8856,"href":"https:\/\/maisongersdorff.com\/fr\/wp-json\/wp\/v2\/pages\/8329\/revisions\/8856"}],"wp:attachment":[{"href":"https:\/\/maisongersdorff.com\/fr\/wp-json\/wp\/v2\/media?parent=8329"}],"curies":[{"name":"wp","href":"https:\/\/api.w.org\/{rel}","templated":true}]}}

<p>[vc_row content_width= »grid » css= ».vc_custom_1497603545327{padding-top: 95px !important;padding-bottom: 65px !important;background-image: url(http://maisongersdorff.com/wp-content/uploads/2016/10/back04-2.jpg?id=8146) !important;} »][vc_column offset= »vc_col-md-6&Prime;][vc_empty_space height= »30px »][vc_gallery type= »image_grid » images= »8649,8646,8647,8648&Prime; img_size= »220&#215;220&Prime;][/vc_column][vc_column offset= »vc_col-md-6&Prime;]<div class="eltd-section-title-outer-holder" style="text-align: center">

	
			<div class="eltd-section-title-title-holder">
				<h2 class="eltd-section-title" style="font-family: open sans;font-size: 30px;color: #333333;font-weight: 200;line-height: 72px;;;">
				EXPOSITIONS UNIVERSELLES				</h2>
		</div>
	
</div>[vc_empty_space height= »3px »][vc_column_text css= ».vc_custom_1536848261621{background-image: url(http://maisongersdorff.com/wp-content/uploads/2016/10/back04-2.jpg?id=8146) !important;} »]En 2010, Benoit Gersdorff prend en charge la gestion de la restauration du pavillon belge et européen à l&rsquo;Exposition universelle de Shanghai. Grâce à son expertise dans la conduite d&rsquo;une équipe de près de soixante personnes sur trois restaurants et deux take-away, plus de quarante mille visiteurs par jour ont pu découvrir les merveilles de la cuisine belge pendant six mois. Le pavillon belge sera d&rsquo;ailleurs classé en 6e position parmi les 246 pavillons de l&rsquo;Exposition universelle en nombre de visiteurs, et le pavillon le plus rentable de toute l&rsquo;exposition.</p>
<p>En 2012, Benoit prend à nouveau en charge la gestion de la restauration du pavillon belge et du pavillon de Monaco à l&rsquo;Expo internationale de Yeosu, en Corée du Sud, pour une durée de trois mois.</p>
<p>En 2015, il est l&rsquo;initiateur de la construction du pavillon belge à Milan, en Italie, sur la thématique « nourrir la planète, énergie pour la vie ». En partenariat avec l’architecte Patrick Genard, le scientifique Thierry Coche, ainsi que l’ensemble des universités belges, il travaille sur la réalisation architectural et scénographique du pavillon belge, en proposant l&rsquo;ensemble des techniques alimentaires et énergétiques suivantes: systèmes aquaponiques, utilisation des produits locaux, panneaux solaires photovoltaïques, éoliennes, pompes à chaleur et traitement des eaux usées. Le pavillon belge reçoit une Mention spéciale dans la catégorie « Design et matériaux du bâtiment » ainsi qu&rsquo;un Award pour « Autres Initiatives Spéciales».[/vc_column_text][/vc_column][/vc_row][vc_row][vc_column][/vc_column][/vc_row]</p>

<p>[vc_row content_width= »grid » css= ».vc_custom_1497603545327{padding-top: 95px !important;padding-bottom: 65px !important;background-image: url(http://maisongersdorff.com/wp-content/uploads/2016/10/back04-2.jpg?id=8146) !important;} »][vc_column offset= »vc_col-md-6&Prime;][vc_empty_space height= »30px »][vc_gallery type= »image_grid » images= »8649,8646,8647,8648&Prime; img_size= »220&#215;220&Prime;][/vc_column][vc_column offset= »vc_col-md-6&Prime;][vc_empty_space height= »3px »][vc_column_text css= ».vc_custom_1536848261621{background-image: url(http://maisongersdorff.com/wp-content/uploads/2016/10/back04-2.jpg?id=8146) !important;} »]En 2010, Benoit Gersdorff prend en charge la gestion de la restauration du pavillon belge et européen à l&rsquo;Exposition universelle de Shanghai. Grâce à son expertise dans&#8230;</p>
